{"id":575,"date":"2020-04-21T13:40:21","date_gmt":"2020-04-21T10:40:21","guid":{"rendered":"https:\/\/test1.smartlink.lv\/?page_id=575"},"modified":"2025-10-25T05:19:22","modified_gmt":"2025-10-25T02:19:22","slug":"sozdateli-pamyatnika2","status":"publish","type":"page","link":"https:\/\/test1.smartlink.lv\/?page_id=575","title":{"rendered":"KOMANDA"},"content":{"rendered":"<div id=\"pl-575\"  class=\"panel-layout\" ><div id=\"pg-575-0\"  class=\"panel-grid panel-no-style\" ><div id=\"pgc-575-0-0\"  class=\"panel-grid-cell\" ><div id=\"panel-575-0-0-0\" class=\"so-panel widget widget_black-studio-tinymce widget_black_studio_tinymce panel-first-child panel-last-child\" data-index=\"0\" ><div class=\"textwidget\"><p><a href=\"https:\/\/test1.smartlink.lv\/?p=149\"><img loading=\"lazy\" decoding=\"async\" class=\"alignnone wp-image-786 size-full\" src=\"http:\/\/test1.smartlink.lv\/wp-content\/uploads\/2025\/10\/AV_small.png\" alt=\"\" width=\"292\" height=\"348\" srcset=\"https:\/\/test1.smartlink.lv\/wp-content\/uploads\/2025\/10\/AV_small.png 292w, https:\/\/test1.smartlink.lv\/wp-content\/uploads\/2025\/10\/AV_small-223x266.png 223w\" sizes=\"auto, (max-width: 292px) 100vw, 292px\" \/><\/a><\/p>\n<p>Alfr\u0113ds Voron\u0137o<br \/>\n<em>Zverin\u0101ts advok\u0101ts<\/em><\/p>\n<\/div><\/div><\/div><div id=\"pgc-575-0-1\"  class=\"panel-grid-cell\" ><div id=\"panel-575-0-1-0\" class=\"so-panel widget widget_black-studio-tinymce widget_black_studio_tinymce panel-first-child panel-last-child\" data-index=\"1\" ><div class=\"textwidget\"><p><a href=\"https:\/\/test1.smartlink.lv\/?p=158\"><img loading=\"lazy\" decoding=\"async\" class=\"alignnone wp-image-787 size-full\" src=\"http:\/\/test1.smartlink.lv\/wp-content\/uploads\/2025\/10\/EG_small.jpg\" alt=\"\" width=\"292\" height=\"292\" srcset=\"https:\/\/test1.smartlink.lv\/wp-content\/uploads\/2025\/10\/EG_small.jpg 292w, https:\/\/test1.smartlink.lv\/wp-content\/uploads\/2025\/10\/EG_small-266x266.jpg 266w\" sizes=\"auto, (max-width: 292px) 100vw, 292px\" \/><\/a><\/p>\n<p>\u0112rika Gribonika<br \/>\n<em>zverin\u0101ta advok\u0101ta pal\u012bdze<\/em><\/p>\n<\/div><\/div><\/div><\/div><\/div>","protected":false},"excerpt":{"rendered":"<p>Alfr\u0113ds Voron\u0137o Zverin\u0101ts advok\u0101ts \u0112rika Gribonika zverin\u0101ta advok\u0101ta pal\u012bdze<\/p>\n","protected":false},"author":1,"featured_media":0,"parent":0,"menu_order":0,"comment_status":"closed","ping_status":"closed","template":"","meta":{"footnotes":""},"class_list":["post-575","page","type-page","status-publish","hentry"],"_links":{"self":[{"href":"https:\/\/test1.smartlink.lv\/index.php?rest_route=\/wp\/v2\/pages\/575","targetHints":{"allow":["GET"]}}],"collection":[{"href":"https:\/\/test1.smartlink.lv\/index.php?rest_route=\/wp\/v2\/pages"}],"about":[{"href":"https:\/\/test1.smartlink.lv\/index.php?rest_route=\/wp\/v2\/types\/page"}],"author":[{"embeddable":true,"href":"https:\/\/test1.smartlink.lv\/index.php?rest_route=\/wp\/v2\/users\/1"}],"replies":[{"embeddable":true,"href":"https:\/\/test1.smartlink.lv\/index.php?rest_route=%2Fwp%2Fv2%2Fcomments&post=575"}],"version-history":[{"count":21,"href":"https:\/\/test1.smartlink.lv\/index.php?rest_route=\/wp\/v2\/pages\/575\/revisions"}],"predecessor-version":[{"id":803,"href":"https:\/\/test1.smartlink.lv\/index.php?rest_route=\/wp\/v2\/pages\/575\/revisions\/803"}],"wp:attachment":[{"href":"https:\/\/test1.smartlink.lv\/index.php?rest_route=%2Fwp%2Fv2%2Fmedia&parent=575"}],"curies":[{"name":"wp","href":"https:\/\/api.w.org\/{rel}","templated":true}]}}